7
Let m(t) = -78*t - 3. Let a be m(-1). Suppose a = z - 22. Suppose 0 = -3*q - 10 + z. What are the prime factors of q?
29
Let f be 2/6 + 46/(-3). Let b = 154 - 215. Let r = f - b. List the prime factors of r.
2, 23
Let d(g) = 6*g**3 - g. Let f be d(1). Suppose p - 2*j = 80, j = f*p + 5*j - 386. List the prime factors of p.
2, 3, 13
Let s(n) = -6*n**3 - n**2 + n. Let o(i) = -2*i - 5. Let k be o(-4). Suppose -k*j - 4 = -2*p, 0*p - 9 = 4*j + p. List the prime factors of s(j).
2, 3, 7
Suppose 29*t = 24*t + 7330. List the prime factors of t.
2, 733
Suppose -4*w = 5*j - 1300, 2*j - 537 = -0*j - 5*w. List the prime factors of j.
2
Let b(g) = -5*g**2 - 13 - 12 + 9*g - 18 - 2*g**3 + 42. List the prime factors of b(-6).
197
Suppose 0*i - i + 15 = 3*w, 15 = i + w. Let v = i - 5. What are the prime factors of v?
2, 5
Let h = 4 - 13. Let v(x) = -x - 13. Let n be v(7). Let y = h - n. What are the prime factors of y?
11
Let l = 7233 + -3983. List the prime factors of l.
2, 5, 13
Let g be (-240)/(-18)*189/15. What are the prime factors of g - (-2 + 0) - 0?
2, 5, 17
Suppose 25 = -3*y - 20. Suppose 0 = 2*f - 17 - 143. Let u = y + f. List the prime factors of u.
5, 13
Let o(p) = 3*p**2 - 2*p - 6. Suppose 34 = j + j. Let a = j - 20. List the prime factors of o(a).
3
Suppose f + 808 = m + 4*m, 3*f - 816 = -5*m. List the prime factors of m.
2, 3
Let c(b) = 2 + 2*b**2 + 9 + 0*b**2 - 5 + b. Let u be c(8). Suppose 5*k - u + 2 = 0. List the prime factors of k.
2, 7
Let o = -31 + 13. Let v = o - -40. What are the prime factors of v?
2, 11
Let g(v) = 85*v - 104. What are the prime factors of g(8)?
2, 3
Let q(u) = 56*u**2 - 27*u + 76. What are the prime factors of q(4)?
2, 3
Suppose -9*r - 16 = -13*r. Suppose 3*q = r + 2. Suppose -5*t + 4*k = -89, -q = -4*k + 6*k. List the prime factors of t.
17
Let w(h) = h**3 - 4*h**2 + h - 2. Let m be w(4). Suppose -4 + m = -f. What are the prime factors of (-1)/((f/(-26))/1)?
13
Let l(r) = 3 + 4 - 5 - 6*r**2 + 11*r**2 + r. List the prime factors of l(-2).
2, 5
Let h be (-8 + 6)*(0 - 1). Suppose 5 = h*l + 19. List the prime factors of (-28)/(-8)*(-52)/l.
2, 13
Let g = 18 - 14. Suppose 2*x + 4*c - 210 = 14, g*x = c + 457. Suppose s + 2*s - 129 = -4*n, -4*n + x = -2*s. What are the prime factors of n?
2, 3, 5
Let u be -117 - 1/2*-6. Let q = -58 - u. List the prime factors of q.
2, 7
Suppose d - w = -5*w - 23, -4*d + 2*w - 38 = 0. Let t = d - -13. Suppose 0 = -9*s + t*s + 210. List the prime factors of s.
2, 3, 5
Let b(f) = -f**2 - 9*f - 62. Let j be b(-5). Let s(w) = -4*w. Let d be s(6). Let a = d - j. List the prime factors of a.
2, 3
Let k(t) = t**2 + 8*t + 12. Let x be k(-6). List the prime factors of (8 - 3)*((-102)/(-10) - x).
3, 17
Let y = -7 + 10. Suppose -y*i = -5*s - 17, 8*s + 24 = -4*i + 3*s. What are the prime factors of i*11/(1 - 2)?
11
Let v = 326 - 111. List the prime factors of v.
5, 43
Let a(k) = k**2 + 56*k + 167. List the prime factors of a(-3).
2
Let b(a) = a**3 - 18*a**2 + 9*a + 13. Let v(x) = -3*x**3 + 53*x**2 - 26*x - 38. Let o(r) = -7*b(r) - 2*v(r). List the prime factors of o(19).
137
Let a(y) = -12*y - 61. List the prime factors of a(-18).
5, 31
Let a(q) = -3*q**3 + 3*q**2 + 2*q - 4. Let t(f) = -f**3 - 1. Let k(m) = -a(m) + 2*t(m). Let i(r) = 2*r - 12. Let y be i(8). List the prime factors of k(y).
2, 5
Let r(l) = 461*l - 356. What are the prime factors of r(7)?
3, 11, 29
Suppose -3*a - 5 = -23. Suppose 4*x + 5*i - 14 = 1, x - i - a = 0. What are the prime factors of (4/x)/(7/105)?
2, 3
Suppose 5*q - 2*q - 4*d = 5911, 5*q - 9829 = d. List the prime factors of q.
3, 5, 131
Let h(d) = -18*d - 4. Let r be h(3). Suppose z - 3 = 5*z + t, 2*z + 3*t - 11 = 0. What are the prime factors of (-2 + 3)/(z/r)?
29
Suppose 15 = a + 4*u, 6 = a - u + 1. Suppose -5*v + 32 - a = 0. What are the prime factors of 16/(-40) + 197/v?
3, 13
Let r = 472 + 1357. List the prime factors of r.
31, 59
Suppose -116925 = -30*a + 67275. What are the prime factors of a?
2, 5, 307
Suppose 11*x - 18*x = -147. What are the prime factors of 2527/x + ((-3)/(-9))/(-1)?
2, 3, 5
Let j(h) = -h**2 - 40*h - 94. List the prime factors of j(-29).
3, 5
Suppose 0 = 2*k - a - 1587, -2385 = -3*k + 4*a - a. List the prime factors of k.
2, 3, 11
Let z = 9 + -5. Suppose q = -0*l - l + 5, -q - 3*l = -7. Suppose -3*d + 15 + 0 = 0, 0 = -q*n + z*d + 40. List the prime factors of n.
3, 5
Let a be (0 + 212/(-10))*-5. Suppose 5 = -4*q + 6*q + 5*w, -5*w + 5 = -q. Suppose 0*m - 4*m + 2*g + a = q, m = -5*g + 54. List the prime factors of m.
29
Let g = -22 + 24. Let u be (-1 - 61) + -4 + g. Let n = -14 - u. List the prime factors of n.
2, 5
Let h = 1827 - 334. What are the prime factors of h?
1493
Let i(j) be the second derivative of j**7/2520 + j**5/120 - j**4 - 2*j. Let q(s) be the third derivative of i(s). What are the prime factors of q(-4)?
17
Suppose 0*t - t = -4. Suppose -t*z - 22 = 3*p + 10, p + 2*z = -12. Let a(l) = l**2 + 6*l + 4. List the prime factors of a(p).
2, 5
Let j(z) = z**3 - 6*z**2 + z - 2. Let s be j(6). Let v be 12/(-16) + 59/4. Suppose -110 = -s*d + v. What are the prime factors of d?
31
Let s(h) = -11*h**3 + 59*h**2 - 71*h - 71. Let a(r) = 4*r**3 - 20*r**2 + 24*r + 24. Let x(u) = -8*a(u) - 3*s(u). What are the prime factors of x(16)?
101
Suppose 0*q = 4*q + 4*z - 592, 5*q - 733 = 2*z. Suppose q = 4*y - 813. What are the prime factors of y?
2, 3, 5
Suppose 23 = 2*g - 9. List the prime factors of g.
2
Suppose 13*f - 1036 - 3722 = 0. Let z = f + -137. What are the prime factors of z?
229
Suppose 2*b - 72 = -2*y, -4*y + 79 = -3*b - 30. Suppose 110 = -26*s + y*s. What are the prime factors of s?
2, 11
List the prime factors of (-73)/5*-51 - (-39)/(-65).
2, 3, 31
Let q(v) = -v**2 - 6*v + 2. Let u be q(-6). Suppose -3*j = -u*j - 31. Suppose 0 = -4*w + 57 + j. List the prime factors of w.
2, 11
Let f be -3 - (8 + 1 - 3). Let l = -7 - f. Suppose z - 6*z = 2*c - 84, -l*z - 120 = -4*c. What are the prime factors of c?
2
Suppose 4*z = -3*v + 12, -3*v = -5*z + 11 + 4. What are the prime factors of v - 1*(-164 - -1)?
163
Suppose m = -4*m + 20. Suppose x - 105 = m*x. Let w = 9 - x. What are the prime factors of w?
2, 11
Let f(v) = 2*v**2 + 18*v + 3. Suppose 9 = -6*h + 5*h. Let b be f(h). Suppose 0 = -0*d - b*d + 189. List the prime factors of d.
3, 7
Suppose 14*r + 13264 = 103186. What are the prime factors of r?
3, 2141
Let t = 2975 - 1642. List the prime factors of t.
31, 43
Suppose -17*v = -3894 - 3518. List the prime factors of v.
2, 109
Let p(g) = -g**3 + 18*g**2 + 7*g + 40. List the prime factors of p(16).
2, 83
Let r = 17 - 47. Let b = r + 42. Suppose -b = -2*t + 58. What are the prime factors of t?
5, 7
Suppose -2 + 4 = 2*t. Let p be 6 + (-3)/(t/(-1)). List the prime factors of p/(-2)*-2*1.
3
Let c(z) = -50*z + 15. Let y be c(-8). Suppose 45 = -5*p + y. List the prime factors of p.
2, 37
Let c = -28 - -32. What are the prime factors of (6/c)/(12/416)?
2, 13
Suppose -17172 = -4*q - 3*n, 240*n = 3*q + 242*n - 12879. List the prime factors of q.
3, 53
Let m(d) = -d**3 - 12*d**2 - 6*d - 14. List the prime factors of m(-13).
233
Suppose -3*k - 2*c = -4*c - 647, 5*c = -2*k + 425. Let l = k + -154. List the prime factors of l.
61
Suppose -2 = 2*o, 3*h + 5*o + 5 = -h. Suppose -3*s + 4*n + 23 = -27, h = 4*s + n - 35. List the prime factors of 34 + s/(1 + 4).
2, 3
Let l = 1278 + -117. List the prime factors of l.
3, 43
Let w be 2*((-28)/(-8) - 2). Let m be (2*-16)/(-4) - w. Suppose -m*v + 203 = -u + 51, u = 2*v - 62. What are the prime factors of v?
2, 3, 5
Suppose -4*g = 11 - 43. Suppose -g = -5*t + t. What are the prime factors of (17/t)/((-4)/(-8))?
17
Let p be ((-980)/(-30))/((-4)/3 + 2). Suppose 7*q - p = 6*q. What are the prime factors of q?
7
Suppose 2*r = -d, 2*r - 2 = d + 6*r. Let s be (d/(-6))/((-7)/105). Let c = 21 + s. List the prime factors of c.
2, 13
Let j be (-4)/(-2) - (-130 + 4). Let g(t) = 15*t**2 + 6*t + 2. Let l be g(-2). Suppose -j = -4*d + 4*c, 57 = 4*d + 3*c - l. What are the prime factors of d?
29
Let z(p) = 5 + 2*p + 0 + 0 - 4*p. Let l be z(-3). Suppose -l = -3*q + 28. What are the prime factors of q?
13
What are the prime factors of (-1624)/(-10)*365/146?
2, 7, 29
Let p be 0 + 5 + 1 + -3. Suppose -5*s + 445 = 5*t, 5*s - 445 = -t + p*t. Li